it of 1581704?
1
What is the thousands digit of 6443874?
3
What is the units digit of 1481620?
0
What is the tens digit of 20755280?
8
What is the tens digit of 265296?
9
What is the millions digit of 9443472?
9
What is the ten thousands digit of 269876?
6
What is the tens digit of 1065045?
4
What is the tens digit of 121966?
6
What is the millions digit of 5746956?
5
What is the millions digit of 28556121?
8
What is the thousands digit of 1194011?
4
What is the ten thousands digit of 93019?
9
What is the hundred thousands digit of 404137?
4
What is the hundred thousands digit of 16684861?
6
What is the units digit of 1720635?
5
What is the hundred thousands digit of 1122011?
1
What is the hundred thousands digit of 656357?
6
What is the units digit of 4389019?
9
What is the thousands digit of 725460?
5
What is the hundred thousands digit of 534139?
5
What is the units digit of 47856?
6
What is the thousands digit of 425309?
5
What is the tens digit of 13708649?
4
What is the thousands digit of 2962364?
2
What is the hundreds digit of 5881106?
1
What is the hundreds digit of 24567784?
7
What is the tens digit of 812869?
6
What is the millions digit of 7842234?
7
What is the millions digit of 2717380?
2
What is the units digit of 735393?
3
What is the thousands digit of 2394403?
4
What is the units digit of 825085?
5
What is the millions digit of 2414928?
2
What is the hundred thousands digit of 7538298?
5
What is the hundreds digit of 13758777?
7
What is the units digit of 2474758?
8
What is the hundreds digit of 2976783?
7
What is the tens digit of 894508?
0
What is the thousands digit of 4917202?
7
What is the units digit of 10619048?
8
What is the hundreds digit of 1899579?
5
What is the thousands digit of 45600?
5
What is the hundreds digit of 427390?
3
What is the hundreds digit of 587145?
1
What is the hundreds digit of 5647206?
2
What is the units digit of 6201620?
0
What is the units digit of 429844?
4
What is the tens digit of 673001?
0
What is the units digit of 25867?
7
What is the tens digit of 3760943?
4
What is the hundred thousands digit of 284328?
2
What is the thousands digit of 90899?
0
What is the millions digit of 24049869?
4
What is the hundreds digit of 6364821?
8
What is the ten thousands digit of 53378?
5
What is the tens digit of 129420?
2
What is the units digit of 655466?
6
What is the hundred thousands digit of 113948?
1
What is the thousands digit of 1574829?
4
What is the millions digit of 2497442?
2
What is the thousands digit of 204711?
4
What is the tens digit of 5971383?
8
What is the tens digit of 692983?
8
What is the ten thousands digit of 310577?
1
What is the hundred thousands digit of 2841478?
8
What is the tens digit of 13531385?
8
What is the thousands digit of 14763491?
3
What is the hundreds digit of 106118?
1
What is the ten thousands digit of 2733052?
3
What is the ten thousands digit of 377579?
7
What is the units digit of 978561?
1
What is the hundred thousands digit of 423930?
4
What is the thousands digit of 903156?
3
What is the tens digit of 371171?
7
What is the units digit of 1154480?
0
What is the units digit of 264957?
7
What is the thousands digit of 1041582?
1
What is the hundred thousands digit of 1739298?
7
What is the units digit of 1002601?
1
What is the hundreds digit of 2113284?
2
What is the tens digit of 7031334?
3
What is the hundreds digit of 233364?
3
What is the hundreds digit of 8165003?
0
What is the ten thousands digit of 4181366?
8
What is the tens digit of 828858?
5
What is the tens digit of 106971?
7
What is the hundreds digit of 68579?
5
What is the hundred thousands digit of 8407291?
4
What is the units digit of 1298526?
6
What is the tens digit of 306104?
0
What is the hundred thousands digit of 2253903?
2
What is the ten thousands digit of 608463?
0
What is the hundred thousands digit of 13637922?
6
What is the tens digit of 9099?
9
What is the thousands digit of 97899?
7
What is the hundred thousands digit of 358769?
3
What is the millions digit of 3371046?
3
What is the thousands digit of 248766?
8
What is the tens digit of 149590?
9
What is the thousands digit of 2893926?
3
What is the hundreds digit of 3813611?
6
What is the hundreds digit of 2806078?
0
What is the hundreds digit of 91921?
9
What is the thousands digit of 31504485?
4
What is the hundred thousands digit of 13627788?
6
What is the hundreds digit of 112784?
7
What is the thousands digit of 3019333?
9
What is the tens digit of 2996864?
6
What is the tens digit of 166681?
8
What is the units digit of 221958?
8
What is the ten thousands digit of 14788?
1
What is the millions digit of 5817238?
5
What is the millions digit of 2392769?
2
What is the ten thousands digit of 4350377?
5
What is the ten thousands digit of 27051966?
5
What is the tens digit of 642197?
9
What is the thousands digit of 249793?
9
What is the thousands digit of 495326?
5
What is the units digit of 1145355?
5
What is the thousands digit of 1568777?
8
What is the thousands digit of 4275613?
5
What is the millions digit of 1228694?
1
What is the tens digit of 380023?
2
What is the thousands digit of 273834?
3
What is the tens digit of 1798552?
5
What is the hundred thousands digit of 8965103?
9
What is the hundreds digit of 337860?
8
What is the ten thousands digit of 608322?
0
What is the units digit of 96176?
6
What is the hundred thousands digit of 1561054?
5
What is the tens digit of 3048202?
0
What is the units digit of 31962?
2
What is the hundred thousands digit of 429143?
4
What is the hundreds digit of 959872?
8
What is the thousands digit of 2376770?
6
What is the hundred thousands digit of 3649827?
6
What is the ten thousands digit of 640403?
4
What is the hundred thousands digit of 6624396?
6
What is the units digit of 677151?
1
What is the hundred thousands digit of 200515?
2
What is the tens digit of 67036?
3
What is the tens digit of 813006?
0
What is the hundreds digit of 833265?
2
What is the ten thousands digit of 7972155?
7
What is the units digit of 1109617?
7
What is the hundreds digit of 58507?
5
What is the thousands digit of 275716?
5
What is the hundred thousands digit of 112006?
1
What is the thousands digit of 1992079?
2
What is the tens digit of 743538?
3
What is the hundreds digit of 202605?
6
What is the tens digit of 1484973?
7
What is the millions digit of 1976912?
1
What is the tens digit of 2163260?
6
What is the ten thousands digit of 1226525?
2
What is the tens digit of 901185?
8
What is the thousands digit of 1486258?
6
What is the hundred thousands digit of 656757?
6
What is the thousands digit of 261522?
1
What is the tens digit of 336826?
2
What is the ten thousands digit of 710144?
1
What is the hundreds digit of 3073739?
7
What is the tens digit of 122661?
6
What is the hundreds digit of 208515?
5
What is the tens digit of 14882708?
0
What is the thousands digit of 197746?
7
What is the hundred thousands digit of 258177?
2
What is the thousands digit of 176558?
6
What is the units digit of 273461?
1
What is the ten thousands digit of 128502?
2
What is the hundreds digit of 6634961?
9
What is the ten thousands digit of 8445801?
4
What is the hundreds digit of 6332303?
3
What is the units digit of 7394726?
6
What is the hundreds digit of 274150?
1
What is the ten thousands digit of 306549?
0
What is the tens digit of 120382?
8
What is the ten thousands digit of 5389517?
8
What is the hundreds digit of 79723?
7
What is the hundreds digit of 439738?
7
What is the tens digit of 120959?
5
What is the ten millions digit of 16360134?
1
What is the units digit of 2145455?
5
What is the ten thousands digit of 852323?
5
What is the thousands digit of 601057?
1
What is the thousands digit of 831051?
1
What is the thousands digit of 62467?
2
What is the units digit of 265454?
4
What is the units digit of 7990176?
6
What is the millions digit of 11677138?
1
What is the ten thousands digit of 513855?
1
What is the thousands digit of 1401990?
1
What is the thousands digit of 38703?
8
What is the tens digit of 81573?
7
What is the ten thousands digit of 156310?
5
What is the units digit of 642382?
2
What is the millions digit of 17185012?
7
What is the hundreds digit of 196740?
7
What is the thousands d